l + 540*l. Give k(4).
-1
Let i(k) be the first derivative of 1 + 1/2*k**3 - k + k**2. Let m(o) be the first derivative of i(o). Determine m(-5).
-13
Let h(u) = -u**2 + 10*u - 6. Suppose 3*n - 3*v = -5*v + 15, 0 = -4*n - 2*v + 22. Determine h(n).
15
Let k(i) be the second derivative of i**4/12 - 2*i**3 - 335*i. Calculate k(12).
0
Let h(g) = -7*g**2 - 5*g - 4. Let o be h(-1). Let v(m) = -m + 2. Determine v(o).
8
Suppose -4*t = 91 + 121. Let i = 50 + t. Let f(a) = -a**3 - 3*a**2 - a - 3. Determine f(i).
0
Let a(m) = -3*m**3 - 17*m**2 - m + 13. Let q(f) = f**3 + f**2 - 1. Let d(i) = a(i) + 4*q(i). Calculate d(13).
-4
Let a(n) = -37*n**3 + 29*n**2 - 5*n + 21. Let s(h) = 13*h**3 - 10*h**2 + 2*h - 7. Let x(k) = 6*a(k) + 17*s(k). Give x(5).
2
Let y(d) be the third derivative of d**5/60 + d**4/6 - 2*d**2. Let r be y(-3). Let v(a) = a**2 + 3*a + 2. What is v(r)?
2
Let y(m) = -3*m**2 + 2*m + 3. Let h(i) = -13*i**2 + 10. Let p(f) = h(f) - 4*y(f). Let w(u) = -u**2 - 2*u + 2. Let o be w(2). Calculate p(o).
10
Let d(j) be the second derivative of 1/3*j**3 + 0 + 0*j**2 + 5/12*j**4 + 1/20*j**5 + 7*j. Suppose -4*t = s + 12, 3*s + 0 - 24 = 3*t. Calculate d(t).
8
Let q(t) = -t - 9. Suppose 5*f - 5*n + 45 = 0, -4*f - 11 - 10 = -n. Let v = f + 4. Calculate q(v).
-9
Let n(o) = 3*o**2 + o - 6*o**2 - 1 + 0*o**2. Let g be n(1). Let y(x) be the second derivative of x**5/20 + x**4/4 + x**3/6 + 2*x**2 - 496*x. Determine y(g).
1
Suppose -6*n + 8*n - 13 = 3*u, -n + 24 = -5*u. Let g(s) = -6*s**3 - s**2. Calculate g(n).
5
Let i(c) = 3*c**3 - 5*c**2 + 4*c - 3. Let o(u) = -u**3 - u**2 + u + 1. Let a(k) = -i(k) - 2*o(k). Let x be 3 + 4/((-4)/3). Let f be 1 - x - (1 - 6). Give a(f).
1
Let x(b) be the third derivative of -b**5/60 + 7*b**4/12 + 4*b**3/3 + 44*b**2 + 2*b. Calculate x(14).
8
Let j be 4*(-2)/((-8)/(-2)). Let g(s) = 2*s**2 + 2*s + 5. Let y(n) = -3*n**2 - 3*n - 6. Let r(w) = -4*g(w) - 3*y(w). What is r(j)?
0
Let m be (-1)/(-1) + 1 + -26. Let z be -2*3/m*4. Let c be (-1)/(-1)*-1*z. Let y(r) = 14*r + 1. Calculate y(c).
-13
Let g(v) = -v**2 + 9*v + 1. Let a = -575 - -584. Calculate g(a).
1
Suppose -5*w = -4 - 76. Let p = w + -13. Let z(b) be the first derivative of b**2/2 + b - 2. Calculate z(p).
4
Let p(o) be the first derivative of o**4/4 + 3*o**3 - 2*o**2 - 21*o - 467. Give p(-9).
15
Let s(g) = 9*g**2 - 7*g - 3. Let f(h) = -25*h**2 + 22*h + 9. Let d(r) = 3*f(r) + 8*s(r). What is d(5)?
-22
Let g(q) = q**2 - 3*q - 5. Let w be g(5). Let c be 32/(-20)*w/(-2). Let m(t) = 10*t - 8. Let b(x) = -7*x + 5. Let u(s) = 7*b(s) + 5*m(s). Calculate u(c).
-1
Let d = -8 + 12. Let i(h) = d*h + 2 - 2*h - h. Let a(w) = w**2 + 2*w - 48. Let m be a(6). What is i(m)?
2
Let k(m) = -7*m**3 - 29*m**2 - 24*m - 24. Let n(p) = 4*p**3 + 15*p**2 + 12*p + 12. Let v(f) = -3*k(f) - 5*n(f). Give v(-11).
1
Let w(p) = 3*p - 4. Let g be -5*((-155)/25 - -5). Calculate w(g).
14
Let l(o) = o**3 + 43*o**2 - o - 38. Let n be l(-43). Let k(u) = -u**2 + 2*u + 7. Give k(n).
-8
Let c be 54 + (0 + 0 - 3). Let b = -48 + c. Let h(w) = w**3 - 2*w**2 - w + 1. Calculate h(b).
7
Let j(s) = -2 + 72*s**2 + 0*s + 3 - s - 63*s**2. Determine j(1).
9
Suppose -6*n - 205 + 223 = 0. Let v(f) be the first derivative of -6*f - 1/3*f**n + 2*f**2 - 10. What is v(4)?
-6
Let o(d) = -d + 1. Let n(s) = -s**3 - 6*s**2 - 5*s - 6. Let b be n(-5). Let y(w) = -8*w + 2. Let z(x) = b*o(x) + 2*y(x). Give z(-2).
18
Suppose 60 = 50*r - 65*r. Let m(v) = -2*v**2 - 6*v - 5. What is m(r)?
-13
Suppose 5*x - 5*r + 3*r + 17 = 0, -7 = 3*x - 2*r. Let w(z) = z**3 + 5*z**2 - 6*z - 7. What is w(x)?
23
Let m(u) = -u + 0*u + 7 - 4 + 2 - 7. Determine m(-5).
3
Let n = 5620/3 - 1873. Let b(w) be the first derivative of 4 - n*w**3 + 0*w**2 + 0*w. What is b(-1)?
-1
Let l(n) be the first derivative of n**4/4 - 4*n**3/3 + 3*n**2/2 + 4*n - 97. What is l(3)?
4
Suppose -2*z - 3*j - 15 = 0, 3*j + 27 = -5*z - 24. Let m = 201 + -189. Let p = m + z. Let g(l) = -l + 1. What is g(p)?
1
Suppose -n + 1 = -1. Let a = -44 + 47. Let g(t) = -t - 2 - 4*t + a*t - t - t**n. Determine g(-3).
-2
Suppose u + 14 = -h - 4*h, -u - 3*h = 10. Let i be u/4 + 4 - 1. Let d(o) = -5*o + 2. What is d(i)?
-8
Let h(u) = 2*u + 7. Suppose 0 = 3*t + 3*a - 9, 3*a - 16 = -1. What is h(t)?
3
Let c(d) be the second derivative of 0 + 1/2*d**3 + d**2 + 1/12*d**4 + 32*d. Determine c(-4).
6
Suppose -4*x + 5*i + 59 = 2*i, -5*i = 2*x - 23. Let m(f) = -10*f + 1 - 16*f + 28*f + x*f**2. Determine m(-1).
13
Suppose 0*r = 2*r + 10. Let w(d) = -12*d + 5. Let k(b) = 5*b - 3. Let l(y) = -7*k(y) - 3*w(y). Calculate l(r).
1
Let p(i) = 2*i**3 - 2*i**2 + 1. Let d(c) be the first derivative of -c**4/4 + c**3 - 3*c**2/2 + c - 1. Let n be d(2). Calculate p(n).
-3
Let i(c) be the third derivative of c**5/60 + c**4/4 + c**3/2 - 5*c**2 + 30*c. Calculate i(-6).
3
Let p(k) be the first derivative of -3*k**2/2 - 4*k - 285. What is p(-6)?
14
Let j(d) = -6 + d + 1 + 6. Let b = 2 + 1. Give j(b).
4
Let w(s) = s**2 + 4*s + 6. Let h(v) be the third derivative of -7*v**4/24 + 19*v**3/3 - 5*v**2. Let d be h(6). Determine w(d).
6
Let s(m) = m**3 + 5*m**2 - m - 1. Let x be s(-5). Suppose 1 = x*v - 27. Let b(h) = -1. Let u(f) = f - 15. Let r(z) = 3*b(z) - u(z). Give r(v).
5
Let a(n) = -12*n - 14. Let v(s) = 4*s + 5. Let d(k) = -2*a(k) - 7*v(k). What is d(-5)?
13
Let c(p) be the second derivative of -p**4/12 - 2*p**3/3 - 2*p**2 + 7*p. Let x = 146 - 149. Determine c(x).
-1
Let g(t) = t - 1. Let w(h) = -3*h**2 - 4*h + 5. Let q be w(-3). Determine g(q).
-11
Let d(t) = 2*t**2 + 4*t + 28. Let h(v) = -v**2 - 2*v - 13. Let m(r) = 6*d(r) + 13*h(r). Give m(-2).
-1
Suppose 58*s = 22*s - 144. Let w(r) = r**3 + 6*r**2 + 5*r. Determine w(s).
12
Let j be (6/21 + (-19)/(-7))*-1. Let z be 1*9/j + 5. Let t(u) = -3*u**2 - 3*u + 1. Give t(z).
-17
Let l(i) be the second derivative of 5*i + 0 + 1/3*i**3 + 4*i**2. Determine l(-7).
-6
Let q be 3/((-12)/(-10)) + (-6)/4. Let s(x) = -4 + 18*x + 4 + q - 13*x. Determine s(-4).
-19
Let f be 6/(-14) - 144/56. Let m(u) = -5*u**2 - u. What is m(f)?
-42
Let q(j) = j**3 + 7*j**2 - j - 4. Let a be q(-7). Let r = -8 + a. Let o(u) be the first derivative of -u**4/4 - 2*u**3 - 3*u**2 + 11. Calculate o(r).
5
Suppose -11 = -2*r - 7. Let a(x) = 0 + x - r + x - 4*x. Suppose 2*t - 4*u - 12 = 0, 2*u - u + 2 = 0. Calculate a(t).
-6
Suppose -2*x = -0*x + 2, 2*w - 6 = 2*x. Let d(m) = -2*m**w - 15*m + m**2 + 7*m. Let t be (8/10)/(2/(-10)). What is d(t)?
16
Let t(a) = 9*a**2 + 5*a - 34. Let o(x) = -7*x**2 - 4*x + 34. Let u(k) = 4*o(k) + 3*t(k). Determine u(-7).
-8
Let z = 38 - 13. Suppose 5*h + 2*o - z = -1, -h = 2*o. Let a be (-5)/3 + (-8)/h. Let j(u) = u - 4. Calculate j(a).
-7
Let j(p) = -6*p**2 - p + 0 - 2 - 23*p**3 + 19*p**3 + 3 - 4. Calculate j(-2).
7
Let y(j) = -j**2 + 6*j - 5. Suppose 0 = -o - 4 + 7. Suppose 3*u + 40 = 7*i - 2*i, 3*i - o*u = 30. Suppose -8*x + 3*n + 19 = -3*x, 5*n - 35 = -i*x. Give y(x).
0
Let z be 10/(-4) - (1 - 60/8). Let u(q) be the second derivative of -1/6*q**3 - 5/2*q**2 + 0 + z*q. What is u(-5)?
0
Let w(k) be the first derivative of -k**4/4 - k**3/3 + 3*k**2/2 + k + 3. Let y be w(-3). Let b be (-10)/15 - y/3. Let z(g) = -g**2 - 5*g - 6. What is z(b)?
-2
Let f(k) = k**3 - 3*k + 1. Let x be f(2). Let h(w) = x + 2*w - 5 - 4. Suppose -4*o - 40 = -4*z, 7 + 8 = -3*o. Determine h(z).
4
Let l(m) = -m**3 + 7*m**2 + 6*m - 3. Suppose 0 = 6*r - 10*r - 28. Let y(a) = -11*a - 1 - 12*a**2 + 6 + 2*a**3 - a**2. Let x(d) = r*l(d) - 4*y(d). What is x(3)?
7
Suppose 0 = 5*x - 3*t + 156 + 3, -4*x - 5*t = 105. Let i = -34 - x. Let r(d) = 3*d - 4. Calculate r(i).
-16
Let x(l) = -l - 4. Suppose 2*s + 2*o + 0*o + 4 = 0, 2*s = -5*o - 13. Suppose -s = 5*f - 26. Let d = 0 - f. Give x(d).
1
Let j be (1 + 0)/(-2 - -1). Let k be (2 + j)*-3 - 2. Let i(c) = 2*c + 6. What is i(k)?
-4
Let s(x) be the third derivative of 5/12*x**4 - 3/20*x**5 - 6*x**2 + 0*x + 1/3*x**3 - 1/120*x**6 + 0. Give s(-10).
2
Suppose -8*a + 3*c + 19 = -3*a, 3 = a - c. Suppose -4*h = a + 3. Let w(u) = 2*u**3 - 3*u - 1. Give w(h).
-11
Let w(k) = -k - 7. Suppose 0 = -2*o + 2*n - 10, -o - 5*n = -4*n + 11. Let a(d) = -d**3 - 7*d**2 + 7*d - 16. Let z be a(o). What is w(z)?
1
Let s(y) be the first derivative of 23 + 1/2*y**2 + 3*y. Determine s(4).
7
Let w = -3 + -3. Let m(j) = 4*